9
What are the prime factors of 17831?
11, 1621
What are the prime factors of 12164?
2, 3041
What are the prime factors of 100412?
2, 13, 1931
List the prime factors of 185.
5, 37
What are the prime factors of 1179?
3, 131
What are the prime factors of 596?
2, 149
List the prime factors of 15.
3, 5
What are the prime factors of 3236?
2, 809
List the prime factors of 35547.
3, 17, 41
What are the prime factors of 1633?
23, 71
List the prime factors of 92970.
2, 3, 5, 1033
What are the prime factors of 480?
2, 3, 5
List the prime factors of 85249.
163, 523
What are the prime factors of 290?
2, 5, 29
List the prime factors of 48581.
13, 37, 101
List the prime factors of 11441.
17, 673
List the prime factors of 7964.
2, 11, 181
List the prime factors of 319.
11, 29
What are the prime factors of 25636?
2, 13, 17, 29
List the prime factors of 4967.
4967
List the prime factors of 25.
5
What are the prime factors of 17550?
2, 3, 5, 13
List the prime factors of 69697.
69697
List the prime factors of 22369.
22369
List the prime factors of 2780.
2, 5, 139
What are the prime factors of 72920?
2, 5, 1823
What are the prime factors of 28641?
3, 9547
What are the prime factors of 3068?
2, 13, 59
List the prime factors of 92047.
83, 1109
List the prime factors of 4555.
5, 911
What are the prime factors of 20792?
2, 23, 113
What are the prime factors of 20635?
5, 4127
List the prime factors of 203662.
2, 79, 1289
What are the prime factors of 14585?
5, 2917
List the prime factors of 5559.
3, 17, 109
List the prime factors of 7842.
2, 3, 1307
What are the prime factors of 4746?
2, 3, 7, 113
What are the prime factors of 2125?
5, 17
What are the prime factors of 1233?
3, 137
What are the prime factors of 10600?
2, 5, 53
What are the prime factors of 18059?
18059
List the prime factors of 12729.
3, 4243
What are the prime factors of 224?
2, 7
What are the prime factors of 4692?
2, 3, 17, 23
List the prime factors of 183.
3, 61
List the prime factors of 3176.
2, 397
List the prime factors of 55254.
2, 3, 9209
List the prime factors of 575.
5, 23
What are the prime factors of 152970?
2, 3, 5, 5099
What are the prime factors of 37090?
2, 5, 3709
List the prime factors of 177099.
3, 13, 19, 239
List the prime factors of 13708.
2, 23, 149
List the prime factors of 35074.
2, 13, 19, 71
List the prime factors of 35620.
2, 5, 13, 137
What are the prime factors of 817?
19, 43
What are the prime factors of 1000?
2, 5
What are the prime factors of 3296?
2, 103
List the prime factors of 4207.
7, 601
What are the prime factors of 354?
2, 3, 59
What are the prime factors of 14812?
2, 7, 23
List the prime factors of 21012.
2, 3, 17, 103
List the prime factors of 14420.
2, 5, 7, 103
What are the prime factors of 4432?
2, 277
What are the prime factors of 696?
2, 3, 29
What are the prime factors of 50665?
5, 10133
List the prime factors of 2504.
2, 313
List the prime factors of 112028.
2, 7, 4001
List the prime factors of 3322.
2, 11, 151
List the prime factors of 2974.
2, 1487
List the prime factors of 690.
2, 3, 5, 23
List the prime factors of 19825.
5, 13, 61
List the prime factors of 59888.
2, 19, 197
List the prime factors of 16908.
2, 3, 1409
List the prime factors of 492.
2, 3, 41
What are the prime factors of 6990?
2, 3, 5, 233
List the prime factors of 1852.
2, 463
List the prime factors of 41287.
19, 41, 53
List the prime factors of 825.
3, 5, 11
What are the prime factors of 21055?
5, 4211
List the prime factors of 2093.
7, 13, 23
List the prime factors of 4760.
2, 5, 7, 17
List the prime factors of 1320.
2, 3, 5, 11
List the prime factors of 96399.
3, 10711
What are the prime factors of 4651?
4651
What are the prime factors of 20957?
19, 1103
List the prime factors of 944.
2, 59
What are the prime factors of 22517?
11, 23, 89
List the prime factors of 1357.
23, 59
What are the prime factors of 84444?
2, 3, 31, 227
List the prime factors of 2912.
2, 7, 13
List the prime factors of 42249.
3, 14083
What are the prime factors of 19809?
3, 31, 71
What are the prime factors of 3924?
2, 3, 109
List the prime factors of 137397.
3, 13, 271
List the prime factors of 3276.
2, 3, 7, 13
List the prime factors of 601.
601
List the prime factors of 47319.
3, 15773
List the prime factors of 56599.
56599
What are the prime factors of 612?
2, 3, 17
What are the prime factors of 5169?
3, 1723
What are the prime factors of 6368?
2, 199
What are the prime factors of 5360?
2, 5, 67
List the prime factors of 73287.
3, 17, 479
What are the prime factors of 624?
2, 3, 13
What are the prime factors of 3231?
3, 359
What are the prime factors of 2667?
3, 7, 127
What are the prime factors of 1140?
2, 3, 5, 19
What are the prime factors of 16065?
3, 5, 7, 17
What are the prime factors of 14825?
5, 593
What are the prime factors of 29646?
2, 3, 61
List the prime factors of 85984.
2, 2687
List the prime factors of 1546.
2, 773
What are the prime factors of 5009?
5009
List the prime factors of 157989.
3, 13, 4051
What are the prime factors of 4111?
4111
What are the prime factors of 2298?
2, 3, 383
List the prime factors of 3089.
3089
List the prime factors of 35965.
5, 7193
List the prime factors of 29654.
2, 14827
List the prime factors of 120.
2, 3, 5
What are the prime factors of 2441?
2441
What are the prime factors of 102663?
3, 11, 17, 61
What are the prime factors of 19570?
2, 5, 19, 103
What are the prime factors of 109699?
163, 673
List the prime factors of 46578.
2, 3, 7, 1109
List the prime factors of 10737.
3, 1193
List the prime factors of 954.
2, 3, 53
What are the prime factors of 967?
967
List the prime factors of 178146.
2, 3, 3299
What are the prime factors of 281?
281
List the prime factors of 79934.
2, 17, 2351
What are the prime factors of 116562?
2, 3, 19427
List the prime factors of 341.
11, 31
List the prime factors of 31328.
2, 11, 89
What are the prime factors of 1942?
2, 971
List the prime factors of 11087.
11087
What are the prime factors of 71572?
2, 29, 617
List the prime factors of 29235.
3, 5, 1949
List the prime factors of 14008.
2, 17, 103
List the prime factors of 312.
2, 3, 13
What are the prime factors of 66202?
2, 79, 419
What are the prime factors of 3936?
2, 3, 41
What are the prime factors of 41408?
2, 647
What are the prime factors of 1774?
2, 887
List the prime factors of 996.
2, 3, 83
List the prime factors of 17256.
2, 3, 719
What are the prime factors of 1353?
3, 11, 41
What are the prime factors of 3564?
2, 3, 11
List the prime factors of 46339.
149, 311
List the prime factors of 1007.
19, 53
What are the prime factors of 80858?
2, 40429
What are the prime factors of 6176?
2, 193
List the prime factors of 4526.
2, 31, 73
List the prime factors of 3193.
31, 103
What are the prime factors of 2153?
2153
What are the prime factors of 960?
2, 3, 5
What are the prime factors of 4799?
4799
List the prime factors of 2308.
2, 577
What are the prime factors of 1684?
2, 421
List the prime factors of 1114.
2, 557
List the prime factors of 4212.
2, 3, 13
List the prime factors of 405.
3, 5
What are the prime factors of 2357?
2357
What are the prime factors of 302?
2, 151
What are the prime factors of 36817?
11, 3347
What are the prime factors of 4621?
4621
List the prime factors of 471.
3, 157
What are the prime factors of 361?
19
List the prime factors of 5025.
3, 5, 67
List the prime factors of 159662.
2, 97, 823
What are the prime factors of 49699?
13, 3823
What are the prime factors of 56347?
29, 67
List the prime factors of 2425.
5, 97
What are the prime factors of 7044?
2, 3, 587
What are the prime factors of 3274?
2, 1637
What are the prime factors of 6968?
2, 13, 67
List the prime factors of 132453.
3, 14717
List the prime factors of 4978.
2, 19, 131
What are the prime factors of 1664?
2, 13
List the prime factors of 26960.
2, 5, 337
What are the prime factors of 1167?
3, 389
What are the prime factors of 2912?
2, 7, 13
List the prime factors of 80036.
2, 11, 17, 107
List the prime factors of 1120.
2, 5, 7
List the prime factors of 1080.
2, 3, 5
List the prime factors of 4407.
3, 13, 113
List the prime factors of 2090.
2, 5, 11, 19
List the prime factors of 1572.
2, 3, 131
List the prime factors of 48308.
2, 13, 929
What are the prime factors of 6132?
2